 0. List the prime factors of l(u).
2, 7
Suppose 0*y - 2*y = -4*m + 66, 0 = -5*m - 5*y + 90. What are the prime factors of m?
17
Suppose -3*o = 9*d - 7*d - 557, -4*o = -2*d - 752. List the prime factors of o.
11, 17
Let i = -30 - -46. Suppose 0*k + 4*k - i = 0. Suppose 2*r = k*g - 16, -5*r - 8 = -3*r. List the prime factors of g.
2
Let c = -9 - -9. What are the prime factors of 32 + c + 1 + -3?
2, 3, 5
List the prime factors of (-2)/(4/8 + -1).
2
Let w(n) = n**3 + n**2 - 3*n - 3. What are the prime factors of w(5)?
2, 3, 11
Let d(g) = -g**3 + 4*g**2 + 4*g + 7. Let v be d(5). Suppose 5*f = 5*h - 25, -2*f = -v*h - f + 7. List the prime factors of h.
2
Let k(b) = -4*b**2. Let q be k(1). What are the prime factors of 1/q + (-53)/(-4)?
13
Suppose 0*i + 5*i - 580 = 5*f, 3*i + 5*f = 316. List the prime factors of i.
2, 7
Let m be 1 - 0 - (11 - 13). List the prime factors of (m/(6/(-20)))/(-2).
5
Suppose 5*l = 2*l - 2*j + 6, -5*l = j - 10. Suppose -6*v + l*v = -28. List the prime factors of v.
7
Let b be 4*(-2 - (-22)/8). Suppose -b*t = -8*t + 30. What are the prime factors of t?
2, 3
Suppose -2*y - 4*l = -70, -5*y + y - l + 147 = 0. What are the prime factors of y?
37
Let x(k) = -k**3 - 8*k**2 + 8*k - 3. Let o be x(-9). Suppose -3 - o = -3*w. What are the prime factors of w?
3
Let l(w) = 4*w - 6. Let a(k) = -2*k + 6. Let r be a(0). List the prime factors of l(r).
2, 3
Suppose -2*x - 4*p = -7*x + 439, -2*x + 186 = p. What are the prime factors of x?
7, 13
Suppose k = -4*i - k - 2, 0 = 2*i - 3*k + 5. What are the prime factors of 0/i - 56/(-4)?
2, 7
Let s(x) = -x**3 - 10*x**2 - 3*x - 12. Let u be -7 - 3/(-3 + 4). List the prime factors of s(u).
2, 3
Let i = 16 - 7. Let b = -7 + i. What are the prime factors of b?
2
Suppose -2*y - y = -9. Suppose y*r - 2*r - 12 = 0. List the prime factors of r.
2, 3
Let z = -1 + 4. Let x(j) = -3*j**3 - 5*j**2 - 2*j**2 + 0 + 1 + 4*j**z - 7*j. What are the prime factors of x(8)?
3
Let o(g) be the third derivative of 5*g**4/12 - g**3/2 + 2*g**2. Let m be o(-3). Let l = m + 46. What are the prime factors of l?
13
Suppose -2 - 2 = -2*q. Suppose -28 = -2*z - q*z. Let y = 12 + z. List the prime factors of y.
19
Let c be (-1)/2 - (-5)/2. Let b(r) = 8*r - 1. List the prime factors of b(c).
3, 5
Let s be 1 - 3/(-3)*1. Let y = 4 + s. What are the prime factors of y?
2, 3
Let r(x) = -3 + 0*x**2 + 2*x**2 - x**2 - 2*x. List the prime factors of r(-2).
5
Suppose 9*d = -3*r + 4*d - 43, 20 = -5*r + 2*d. Let z = -12 - r. Let h = z - -10. List the prime factors of h.
2
Let c(l) = 41*l - 8. What are the prime factors of c(2)?
2, 37
Let f(c) be the second derivative of -c**3 - c**2 - 4*c. What are the prime factors of f(-2)?
2, 5
Let a(z) = z**3 + 6*z**2 + 5*z + 6. Let y be a(-6). Let l be 10/3*y/20. Let s = 13 + l. List the prime factors of s.
3
Let w(f) = -f**3 - 4*f**2 + 4*f - 2. Let o be (-1 + 3)*10/(-4). Let q be w(o). Suppose 0*i = q*i - 12. What are the prime factors of i?
2
Let u(i) = i**3 + 14*i**2 - 13*i - 24. What are the prime factors of u(-14)?
2, 79
List the prime factors of 6/(-10) - (-1463)/5.
2, 73
Suppose p + 379 = 6*p - 3*d, 4*d - 284 = -4*p. List the prime factors of p.
2, 37
Let n = 7 - -37. What are the prime factors of n?
2, 11
What are the prime factors of -4 + (-32)/(-12)*9?
2, 5
Let i be -2 + -2 + 5 - 13. List the prime factors of 2 - (1 + -1 + i).
2, 7
Suppose 5*s = 15 + 10. Let z(k) = -k**3 + 4*k**2 + 6*k - 3. Let g be z(s). List the prime factors of (2*(15 - 2))/g.
13
Suppose -4*n + 8 = -0*n. Suppose q - n - 1 = 0. Suppose q*h = h + 6. List the prime factors of h.
3
Let c = 1 - -48. What are the prime factors of c?
7
Suppose 4*k - 391 - 209 = 0. What are the prime factors of k?
2, 3, 5
Suppose 0 = -44*a + 42*a + 196. List the prime factors of a.
2, 7
Suppose 4*g + 0*g + 5*d = 421, 2*d - 212 = -2*g. List the prime factors of g.
109
Suppose 3*l - l = 0. Let s = 7 + l. Suppose 20 = s*y - 3*y. List the prime factors of y.
5
List the prime factors of 0/(-5) + -1 - -81.
2, 5
Let p = 6 + -6. Suppose -n + 3 + 7 = p. List the prime factors of n.
2, 5
Suppose 0 = 3*w - 6, -3*z - 3*w + 7 - 1 = 0. Let p = -31 + 64. Suppose z = -2*a + 5*a - p. List the prime factors of a.
11
Let y(i) = 25*i + 7. Let c(a) = -13*a - 4. Let g(p) = 11*c(p) + 6*y(p). Let v be g(2). Suppose 5*h = -5*w, -h + 5*w + v = -12. List the prime factors of h.
2
Let k be -1 + (-45)/6*-2. Let o = -1 + k. Suppose o - 5 = v. List the prime factors of v.
2
Let n = -21 - -23. Suppose 187 = 3*o - 2*z, 4*o = n*o - 4*z + 114. List the prime factors of o.
61
Suppose -4*k - 22 = -2*w, 0 = -2*k - 0*w - 4*w - 36. List the prime factors of 1 - (3 + -3) - k.
3
Suppose -2*r - 2*r + 292 = 0. List the prime factors of r.
73
Suppose -z + 3 = -17. List the prime factors of z.
2, 5
Let j = 188 - 112. List the prime factors of j.
2, 19
Let y(m) be the second derivative of m**5/20 + 7*m**4/12 - m**2/2 + m. Let c be y(-7). What are the prime factors of 0 - (0 - (5 - c))?
2, 3
Suppose 15 = 3*c - 5*x, 2*c + c + 9 = -3*x. Suppose 34 = 4*n + 2*q, 4*n = q - c*q + 25. What are the prime factors of n?
7
Suppose -2*t - 2*a + 16 - 4 = 0, -4*t = -a - 44. Let j = -23 + t. Let l = -6 - j. What are the prime factors of l?
7
List the prime factors of 47 + (10 - 6) + -3.
2, 3
Suppose -2*h - 101 = -3*j + 2*h, 5*h - 5 = 0. List the prime factors of j.
5, 7
Let v be 1/4 + 83/4. Suppose 0*y = -4*u + y - 20, -2*u - 4 = -2*y. List the prime factors of 2/u + 112/v.
5
Let i = 12 + 55. Let y = i - 39. What are the prime factors of y?
2, 7
Suppose 0*z - 6*z = -216. What are the prime factors of z?
2, 3
Let j(n) = -n**3 + n**2 + 11. Let a(f) = f**3 - f**2. Let y be a(1). Suppose -5*s + d = -3*d - 4, y = d + 1. List the prime factors of j(s).
11
Suppose -5*f = 15 - 60. What are the prime factors of f?
3
Suppose 0 = -0*q - q + 63. What are the prime factors of q/6 + (-2)/4?
2, 5
Let x(n) = -n**3 + 8*n**2 - 4*n + 1. Let t be x(6). List the prime factors of 80/14 + 14/t.
2, 3
Let k(q) = 17*q. Let h be k(1). Let x = h + -8. Suppose 2*l = 5*d + x, -4*l = -7*l + 3*d + 36. List the prime factors of l.
17
Let j(m) be the first derivative of m**3/3 - 3*m**2 + 2*m + 3. Let q be j(4). Let l(b) = -3*b - 6. List the prime factors of l(q).
2, 3
Suppose 5*f - 21 = 2*m + 5, 0 = 4*f - 5*m - 31. What are the prime factors of f?
2
Let b(c) be the third derivative of c**6/120 - c**5/60 - c**4/24 + c**3/2 + 3*c**2. List the prime factors of b(3).
2, 3
Suppose -6*k + k = -410. Suppose 3*v - 5*r = 49, -4*v - 3*r + 70 = -5*r. Suppose v - k = -4*z. What are the prime factors of z?
2
Let g(o) = -o**2 - 2*o - 20. Let r be g(0). Let q = 45 + r. What are the prime factors of q?
5
Let h be ((1 - 0) + -1)/1. Suppose h = 4*n + 4*v - 0*v - 60, 3*v = 5*n - 107. Suppose -5 = -4*r + n. What are the prime factors of r?
2, 3
Let a be (1/(-2))/(1/2). List the prime factors of (6/18)/(a/(-6)).
2
Suppose 0 = 4*f - 4*o - 64, 4*f - 3*o - 2*o - 68 = 0. Let h be (-133)/(-9) - f/(-54). List the prime factors of 3/(9/h - 0).
5
Suppose -k - 6*s = -2*s - 27, 2*s = 2*k - 4. Let m be 15 + (-1 - -1 - 0). Suppose k*d - m = 2*d. List the prime factors of d.
3
Suppose -12*g + 626 = -82. List the prime factors of g.
59
Let s be (-224)/(-12) + (-3)/(-9). List the prime factors of s - (0 + -3)/3.
2, 5
Let y(b) = -4*b + 3. Let a(t) = 5*t - 2. Let r(v) = 3*a(v) + 4*y(v). List the prime factors of r(-8).
2, 7
Suppose 3 + 0 = y. Suppose 5*s - 35 = 2*r, -y*s - s = r - 28. Let q = 12 - s. List the prime factors of q.
5
Suppose -31 = -3*f + 59. List the prime factors of f.
2, 3, 5
Suppose -z + 5*z - 5*u = 164, -128 = -3*z + 5*u. What are the prime factors of z?
2, 3
Let c(m) = 2*m**2 + m + 5. List the prime factors of c(-4).
3, 11
Let r(n) = n**3 + n**2 - n - 1. Let a be r(-2). Suppose -4*b + 50 - 6 = 0. Let p = b + a. What are the prime factors of p?
2
Let i be 4/(-1*(-3 + 1)). Suppose 4*g + 2*x - 40 = 0, -g + 3 = -i*x - 2. What are the prime factors of g?
3
Let z = -6 - -14. Let d = z + 5. List the prime factors of d.
13
Let m(t) = -2*t - 10. Let g be m(-8). Let d = 9 - g. Suppose -w - 20 = -d*w. List the prime factors of w.
2, 5
Suppose 3*f + 0 = 3. What are the prime factors of (8/f)/((-2)/(-4))?
2
Let a(i) = i**2 + 5*i + 5. Let f be (-4)/(-12) + (-22)/3. List 